o base 2
-10110001100001000
What is 600a6 (base 13) in base 12?
832ba
What is 1100000000110100001001 (base 2) in base 5?
1301232230
2423321 (base 5) to base 11
31179
Convert -205cc (base 14) to base 13.
-29665
Convert 264202 (base 7) to base 8.
140524
274046 (base 9) to base 7
1263555
23082815 (base 9) to base 8
52620025
3a224c (base 13) to base 2
101010110110101111101
Convert -4116a (base 11) to base 7.
-340124
Convert 1011011100001110100 (base 2) to base 9.
631235
Convert -c9e (base 16) to base 15.
-e55
-5859a8 (base 14) to base 5
-1232341310
-12610356 (base 8) to base 10
-2822382
783131 (base 9) to base 4
1302102133
What is -137662 (base 8) in base 7?
-263034
-30225154 (base 6) to base 4
-3101233132
Convert 43301 (base 11) to base 15.
1399b
Convert 3133112332 (base 4) to base 15.
13111d
Convert 255933 (base 11) to base 6.
12350051
What is -1010852 (base 13) in base 12?
-1762785
183248 (base 9) to base 11
78663
Convert -104533 (base 7) to base 5.
-1042243
What is -d3a99 (base 16) in base 9?
-1561228
Convert -10010101100011001110 (base 2) to base 5.
-124100213
What is -4a6d5d (base 15) in base 6?
-204241541
Convert -11201001 (base 3) to base 5.
-102210
Convert -1051034214 (base 6) to base 9.
-23621561
Convert -178a10a (base 13) to base 14.
-103b7b3
Convert 13ab83 (base 12) to base 14.
88399
-3d50 (base 16) to base 9
-23470
Convert 1452140 (base 6) to base 16.
14afc
Convert 2140413 (base 5) to base 16.
9077
24044055 (base 6) to base 16
b7bc3
-3822f (base 16) to base 9
-380363
What is -1022110011020 (base 3) in base 2?
-10101010010110100111
-14a9a1 (base 12) to base 2
-1010101100100001001
-223119 (base 10) to base 16
-3678f
Convert -21bf (base 16) to base 12.
-4bbb
Convert 102021202102002 (base 3) to base 14.
b22091
What is -14564a (base 13) in base 10?
-497598
What is a9591 (base 13) in base 8?
1126252
1402220 (base 5) to base 2
110111100010011
What is 2128705 (base 12) in base 5?
3101331414
45947 (base 14) to base 9
277102
What is -253a71 (base 13) in base 6?
-31053444
Convert 11211211101120 (base 3) to base 12.
a42289
Convert 141452 (base 9) to base 3.
11101111202
Convert -71f4 (base 16) to base 11.
-1aa10
Convert -379612 (base 13) to base 9.
-2453657
Convert 4aaa9 (base 14) to base 3.
100022022200
c59bb (base 13) to base 4
1112301000
Convert 3121163 (base 7) to base 9.
631348
What is -768825 (base 9) in base 2?
-1110000000111001100
Convert -11037472 (base 9) to base 12.
-1956055
What is -2a56b (base 12) in base 5?
-3401210
-6ecc3 (base 15) to base 5
-42311013
2000130131 (base 4) to base 12
214565
What is 3a9a72 (base 11) in base 12?
270013
What is -100110001010110111000 (base 2) in base 3?
-2100112200212
Convert 11231110012 (base 4) to base 5.
340340301
Convert 6b949b (base 14) to base 11.
2090204
Convert 101101011111110 (base 2) to base 3.
1011221202
Convert 3121135 (base 6) to base 3.
21122121012
101000101100111010110 (base 2) to base 11
831051
What is -490a0 (base 12) in base 13?
-35b6b
What is -5571342 (base 8) in base 4?
-11233023202
Convert 34120311 (base 6) to base 2.
11111101001001110011
-3b18ab (base 13) to base 9
-2621872
Convert -251442 (base 11) to base 12.
-171a14
What is 100000000100001010 (base 2) in base 8?
400412
What is 55520500 (base 6) in base 13?
4682c4
Convert -211330221 (base 4) to base 12.
-75b49
What is 11ba1a6 (base 12) in base 3?
20112211022000
What is 20824 (base 14) in base 4?
103021200
Convert -24626a (base 13) to base 11.
-544a78
What is -1054ad (base 16) in base 6?
-34534513
Convert -338afc (base 16) to base 5.
-1331043131
Convert 2a8686 (base 12) to base 10.
719814
-1012201012022 (base 3) to base 9
-1181168
-2147a27 (base 11) to base 9
-7080877
Convert -23401022 (base 5) to base 3.
-101221222012
Convert -2210212012112 (base 3) to base 6.
-52000405
What is 100100000010111011 (base 2) in base 11?
a0a21
-6c011 (base 16) to base 10
-442385
-2d0478 (base 15) to base 2
-1000010011101101100000
Convert -1509b (base 16) to base 4.
-111002123
-2a069 (base 14) to base 3
-12022011101
What is -456035 (base 9) in base 16?
-42bff
Convert 1020185 (base 9) to base 16.
84fd1
What is 4026362 (base 7) in base 12?
1b04bb
-233322300 (base 4) to base 8
-577260
Convert 235248 (base 9) to base 8.
424500
Convert 10130222120 (base 4) to base 6.
40554012
What is -903d3 (base 15) in base 6?
-13441230
10022414 (base 7) to base 10
829238
What is 38409b3 (base 12) in base 16?
a85997
2946362 (base 12) to base 3
120121221200202
Convert 32d70 (base 16) to base 6.
4244024
What is 1001001001111100101 (base 2) in base 3?
120020112022
What is -3637157 (base 9) in base 5?
-1001123121
Convert 101122012 (base 4) to base 6.
1310034
1582081 (base 11) to base 7
31631041
What is 1a43b0 (base 12) in base 4?
1301030310
-111020002211 (base 3) to base 7
-2132656
What is -1d979 (base 15) in base 3?
-11220120020
-32201220323 (base 4) to base 16
-3a1a3b
Convert -112100120101 (base 3) to base 12.
-11760a
What is -a36703 (base 13) in base 5?
-1434003411
Convert 270986 (base 11) to base 4.
1213330230
-2bcc6 (base 15) to base 4
-202133031
Convert 4644072 (base 8) to base 15.
19e64e
-14542424 (base 7) to base 16
-153086
Convert -7432836 (base 9) to base 8.
-17131571
298925 (base 12) to base 9
1275402
171831 (base 11) to base 6
5410515
What is -257483 (base 9) in base 16?
-262f5
What is -5425584 (base 9) in base 5?
-1221120044
What is -48474 (base 9) in base 7?
-163441
-8009a (base 11) to base 9
-187733
-66034520 (base 7) to base 9
-11570488
500446 (base 7) to base 4
110210221
Convert b00994 (base 16) to base 10.
11536788
What is -82c32 (base 16) in base 7?
-4360344
-34204000 (base 5) to base 10
-303625
Convert 89010a (base 12) to base 16.
21399a
Convert 110011101111101101001 (base 2) to base 7.
20261264
What is 20144335 (base 6) in base 10?
573827
Convert 131131002 (base 5) to base 6.
21501332
What is 7ba15 (base 12) in base 3?
22102011222
Convert -17d06 (base 14) to base 5.
-3411203
What is -1acc1 (base 14) in base 12?
-336a1
Convert 1076345 (base 10) to base 2.
100000110110001111001
-61115 (base 8) to base 4
-12021031
What is -422365 (base 7) in base 2?
-10001110011001110
What is 47a67 (base 12) in base 13?
34c48
What is -8864702 (base 9) in base 12?
-171a66b
43b396 (base 12) to base 9
2021436
35624266 (base 7) to base 4
30010331110
-79072 (base 12) to base 13
-58256
Convert 30121313000 (base 4) to base 7.
36432011
What is 408c4 (base 15) in base 11?
12a6a5
Convert -20220220112 (base 3) to base 13.
-4a033
Convert cacb88 (base 13) to base 6.
250120501
57ac46 (base 14) to base 6
144012450
What is -701303 (base 11) in base 4?
-10103221132
-8c4d (base 15) to base 12
-15291
Convert -568a15 (base 13) to base 2.
-111110011110010001011
What is -32d43 (base 16) in base 2?
-110010110101000011
Convert -17670a3 (base 12) to base 6.
-252132323
-2ca17 (base 13) to base 6
-1454232
-221550 (base 7) to base 13
-14a00
What is 2144105 (base 6) in base 14?
2b0b7
-2151654 (base 7) to base 13
-936a2
Convert -22662544 (base 7) to base 14.
-3a04cb
Convert -162250 (base 10) to base 12.
-79a8a
-1c5b1 (base 15) to base 9
-150684
Convert 109406 (base 14) to base 5.
121011220
Convert -55a10 (base 14) to base 16.
-32b9e
What is 44031453 (base 6) in base 15?
1ad519
What is 1000231113 (base 4) in base 5?
31440142
What is -1030130334 (base 5) in base 16?
-2174d2
e46d9 (base 15) to base 2
10110000101101011100
What is 613005 (base 7) in base 9?
168033
-3064882 (base 9) to base 11
-a1916a
6740203 (base 8) to base 13
4b8ab3
What is -7436145 (base 8) in base 6?
-110245445
-20004010 (base 5) to base 13
-56471
Convert 25da6 (base 15) to base 7.
1013241
Convert 125078 (base 11) to base 9.
330300
-211002203 (base 4) to base 11
-a3a93
Convert -326277 (base 9) to base 10.
-194875
What is 11022102120202 (base 3) in base 7?
25323155
5525421 (base 9) to base 4
23110333120
Convert 1010100101000010 (base 2) to base 3.
2012102211
-264679 (base 12) to base 3
-1012000010110
What is -1001001101010111111111 (base 2) in base 4?
-21031113333
Convert -210233002 (base 4) to base 7.
-1164451
1a141 (base 13) to base 6
1030545
12220111012 (base 3) to base 11
7a398
Convert 4234a (base 11) to base 4.
33003023
What is -17e184 (base 15) in base 5?
-244130344
-207613 (base 8) to base 12
-3428b
Convert 41151411 (base 6) to 